{"id":2,"date":"2020-03-11T10:53:59","date_gmt":"2020-03-11T10:53:59","guid":{"rendered":"https:\/\/rennertart.de\/?page_id=2"},"modified":"2023-12-05T21:07:29","modified_gmt":"2023-12-05T20:07:29","slug":"aktuelles","status":"publish","type":"page","link":"https:\/\/rennertart.de\/index.php\/aktuelles\/","title":{"rendered":"Aktuelles"},"content":{"rendered":"\n<h2 class=\"wp-block-heading has-text-align-center has-cyan-bluish-gray-color has-text-color has-link-color has-medium-font-size wp-elements-9c75d00d6818cc9afb6d880003427c97\">Einzelausstellung in der  Realismusgalerie (Berlin)!<\/h2>\n\n\n\n<figure class=\"wp-block-embed is-type-video is-provider-youtube wp-block-embed-youtube wp-embed-aspect-16-9 wp-has-aspect-ratio\"><div class=\"wp-block-embed__wrapper\">\n <iframe loading=\"lazy\" title=\"Stationen - Der Weg bis hier - Oliver Rennert\" width=\"500\" height=\"281\" src=\"https:\/\/www.youtube.com\/embed\/r9gsZ-0snic?feature=oembed\" frameborder=\"0\" allow=\"accelerometer; autoplay; clipboard-write; encrypted-media; gyroscope; picture-in-picture; web-share\" referrerpolicy=\"strict-origin-when-cross-origin\" allowfullscreen><\/iframe>\n<\/div><\/figure>\n\n\n\n<p><strong>Besser sp\u00e4t als nie! Ab dem 10. September 2022 (Vernissage) in Berlin hatte ich eine Einzelausstellung in der RealismusGalerie des K\u00fcnstlersonderbundes (KSB). An Werktagen arbeitete ich am K\u00f6lnbild \u2013 fast zwei Monate lang, bis zum 4. November. Besucher der Galerie konnten mich bei der Arbeit beobachten.<\/strong> <\/p>\n\n\n\nngg_shortcode_0_placeholder\n\n\n\n<h2 class=\"wp-block-heading has-cyan-bluish-gray-color has-text-color has-link-color has-medium-font-size wp-elements-b832f4146e08c1f9f831e654c5997cdf\"><strong>Hier einige Etappen der Arbeit am Bild &#8222;Himmel \u00fcber K\u00f6ln&#8220; <\/strong><\/h2>\n\n\n\n<div class=\"wp-block-media-text alignwide is-stacked-on-mobile\"><figure class=\"wp-block-media-text__media\"><img loading=\"lazy\" decoding=\"async\" width=\"1024\" height=\"473\" src=\"https:\/\/rennertart.de\/wp-content\/uploads\/2022\/11\/1665480779355-1024x473.jpg\" alt=\"\" class=\"wp-image-783 size-full\" srcset=\"https:\/\/rennertart.de\/wp-content\/uploads\/2022\/11\/1665480779355-1024x473.jpg 1024w, https:\/\/rennertart.de\/wp-content\/uploads\/2022\/11\/1665480779355-300x139.jpg 300w, https:\/\/rennertart.de\/wp-content\/uploads\/2022\/11\/1665480779355-768x355.jpg 768w, https:\/\/rennertart.de\/wp-content\/uploads\/2022\/11\/1665480779355-1536x710.jpg 1536w, https:\/\/rennertart.de\/wp-content\/uploads\/2022\/11\/1665480779355-2048x946.jpg 2048w, https:\/\/rennertart.de\/wp-content\/uploads\/2022\/11\/1665480779355-1200x554.jpg 1200w, https:\/\/rennertart.de\/wp-content\/uploads\/2022\/11\/1665480779355-1980x915.jpg 1980w\" sizes=\"auto, (max-width: 1024px) 100vw, 1024px\" \/><\/figure><div class=\"wp-block-media-text__content\">\n<p class=\"has-primary-color has-subtle-background-background-color has-text-color has-background has-link-color has-small-font-size wp-elements-760fc3107a0f69fab4a8abafed1c1dea\" style=\"text-transform:none\"><em>Alles innerhalb der roten Linie (sprich innerhalb der Inneren Kanalstra\u00dfe\/Agnesviertel) ist in den letzten vier Wochen entstanden.<\/em><\/p>\n<\/div><\/div>\n\n\n\n<div class=\"wp-block-media-text alignwide is-stacked-on-mobile\"><figure class=\"wp-block-media-text__media\"><img loading=\"lazy\" decoding=\"async\" width=\"1024\" height=\"473\" src=\"https:\/\/rennertart.de\/wp-content\/uploads\/2022\/11\/1667404067606-1-1024x473.jpg\" alt=\"\" class=\"wp-image-785 size-full\" srcset=\"https:\/\/rennertart.de\/wp-content\/uploads\/2022\/11\/1667404067606-1-1024x473.jpg 1024w, https:\/\/rennertart.de\/wp-content\/uploads\/2022\/11\/1667404067606-1-300x139.jpg 300w, https:\/\/rennertart.de\/wp-content\/uploads\/2022\/11\/1667404067606-1-768x355.jpg 768w, https:\/\/rennertart.de\/wp-content\/uploads\/2022\/11\/1667404067606-1-1536x710.jpg 1536w, https:\/\/rennertart.de\/wp-content\/uploads\/2022\/11\/1667404067606-1-2048x946.jpg 2048w, https:\/\/rennertart.de\/wp-content\/uploads\/2022\/11\/1667404067606-1-1200x554.jpg 1200w, https:\/\/rennertart.de\/wp-content\/uploads\/2022\/11\/1667404067606-1-1980x915.jpg 1980w\" sizes=\"auto, (max-width: 1024px) 100vw, 1024px\" \/><\/figure><div class=\"wp-block-media-text__content\">\n<p class=\"has-primary-color has-subtle-background-background-color has-text-color has-background has-link-color has-small-font-size wp-elements-f6567b925cb2067ae60bfc2f2c4fa95d\" style=\"text-transform:none\"><em>Meine Berliner Zeit neigt sich dem Ende zu. Unten das Bild vom Endstand heute. Alles rechts von der Inneren Kanalstra\u00dfe ist neu in den letzten sechseinhalb Wochen entstanden. Ich finde, ich habe gut gearbeitet, auch wenn ich den Dom nicht erreicht habe. Daf\u00fcr bin ich bis an die Musikhochschule gekommen &#8211; das rot-wei\u00dfe Geb\u00e4ude ganz rechts an der Baukante.<br>Darunter, etwas links \u00fcber dem B von Berlin, f\u00e4ngt die Weidengasse an.<\/em><\/p>\n<\/div><\/div>\n\n\n\n<div class=\"wp-block-media-text alignwide is-stacked-on-mobile\"><figure class=\"wp-block-media-text__media\"><img loading=\"lazy\" decoding=\"async\" width=\"1024\" height=\"473\" src=\"https:\/\/rennertart.de\/wp-content\/uploads\/2023\/01\/IMG_20230127_182529-1024x473.jpg\" alt=\"\" class=\"wp-image-795 size-full\" srcset=\"https:\/\/rennertart.de\/wp-content\/uploads\/2023\/01\/IMG_20230127_182529-1024x473.jpg 1024w, https:\/\/rennertart.de\/wp-content\/uploads\/2023\/01\/IMG_20230127_182529-300x139.jpg 300w, https:\/\/rennertart.de\/wp-content\/uploads\/2023\/01\/IMG_20230127_182529-768x355.jpg 768w, https:\/\/rennertart.de\/wp-content\/uploads\/2023\/01\/IMG_20230127_182529-1536x710.jpg 1536w, https:\/\/rennertart.de\/wp-content\/uploads\/2023\/01\/IMG_20230127_182529-2048x946.jpg 2048w, https:\/\/rennertart.de\/wp-content\/uploads\/2023\/01\/IMG_20230127_182529-1200x554.jpg 1200w, https:\/\/rennertart.de\/wp-content\/uploads\/2023\/01\/IMG_20230127_182529-1980x915.jpg 1980w\" sizes=\"auto, (max-width: 1024px) 100vw, 1024px\" \/><\/figure><div class=\"wp-block-media-text__content\">\n<p class=\"has-primary-color has-subtle-background-background-color has-text-color has-background has-link-color has-small-font-size wp-elements-0c4df4c4c9abe437399c2f6b0a855000\"><em>Seit dem 7. November 2022 bin ich wieder in K\u00f6ln. Den Dom hatte ich in Berlin nicht erreicht, wollte es aber bis zum Jahresende schaffen. Am <strong>20. Dezember<\/strong> ist es soweit: ich erreiche das Domumfeld und wei\u00df, dass ich den Dom selbst erst malen kann, wenn das gesamte Umfeld hinter und neben ihm fertigbekommen habe. Denn der Dom ist zu filigran als dass ich irgendwelche Hintergrunddetails zwischen seine T\u00fcrme und Fialen quetschen kann wenn ich den Dom jetzt vorziehe. Aber die Farbe hat das Jahresziel quasi erreicht: den Fu\u00df des Westportals der Hohenzollernbr\u00fccke.<\/em><\/p>\n<\/div><\/div>\n\n\n\n<div class=\"wp-block-media-text alignwide is-stacked-on-mobile\"><figure class=\"wp-block-media-text__media\"><img loading=\"lazy\" decoding=\"async\" width=\"1024\" height=\"473\" src=\"https:\/\/rennertart.de\/wp-content\/uploads\/2023\/01\/1674841136948-1024x473.jpg\" alt=\"\" class=\"wp-image-794 size-full\" srcset=\"https:\/\/rennertart.de\/wp-content\/uploads\/2023\/01\/1674841136948-1024x473.jpg 1024w, https:\/\/rennertart.de\/wp-content\/uploads\/2023\/01\/1674841136948-300x139.jpg 300w, https:\/\/rennertart.de\/wp-content\/uploads\/2023\/01\/1674841136948-768x355.jpg 768w, https:\/\/rennertart.de\/wp-content\/uploads\/2023\/01\/1674841136948-1536x710.jpg 1536w, https:\/\/rennertart.de\/wp-content\/uploads\/2023\/01\/1674841136948-2048x946.jpg 2048w, https:\/\/rennertart.de\/wp-content\/uploads\/2023\/01\/1674841136948-1200x554.jpg 1200w, https:\/\/rennertart.de\/wp-content\/uploads\/2023\/01\/1674841136948-1980x915.jpg 1980w\" sizes=\"auto, (max-width: 1024px) 100vw, 1024px\" \/><\/figure><div class=\"wp-block-media-text__content\">\n<p class=\"has-primary-color has-subtle-background-background-color has-text-color has-background has-link-color has-small-font-size wp-elements-e16e6b2b21a6b64833712767c4c41178\"><em>Ein weiteres ikonenhaftes K\u00f6lner Detail erscheint am<strong> 10. Januar 2023<\/strong>: der Hauptbahnhof. Es ist nicht leicht, das riesige Bauwerk sozusagen mit dem Mini-Schuhl\u00f6ffel an den richtigen Platz zu bugsieren, in korrekter Ausrichtung entlang der Bahnlinie und nicht zu raumgreifend in die Kurve zur Hohenzollernbr\u00fccke. Schwitz!<\/em><\/p>\n<\/div><\/div>\n\n\n\n<div class=\"wp-block-media-text alignwide is-stacked-on-mobile\"><figure class=\"wp-block-media-text__media\"><img loading=\"lazy\" decoding=\"async\" width=\"1024\" height=\"768\" src=\"https:\/\/rennertart.de\/wp-content\/uploads\/2020\/03\/26-1024x768.jpg\" alt=\"\" class=\"wp-image-168 size-full\" srcset=\"https:\/\/rennertart.de\/wp-content\/uploads\/2020\/03\/26-1024x768.jpg 1024w, https:\/\/rennertart.de\/wp-content\/uploads\/2020\/03\/26-300x225.jpg 300w, https:\/\/rennertart.de\/wp-content\/uploads\/2020\/03\/26-768x576.jpg 768w, https:\/\/rennertart.de\/wp-content\/uploads\/2020\/03\/26-1200x900.jpg 1200w, https:\/\/rennertart.de\/wp-content\/uploads\/2020\/03\/26.jpg 1386w\" sizes=\"auto, (max-width: 1024px) 100vw, 1024px\" \/><\/figure><div class=\"wp-block-media-text__content\">\n<p class=\"has-primary-color has-subtle-background-background-color has-text-color has-background has-small-font-size\"><em>Frage f\u00fcr K\u00f6lner: <strong>Welches Viertel <\/strong>ist das wohl?<\/em><br>[<em>Es ist das Gewerbegebiet Bickendorf, teilweise <strong>in memoriam<\/strong><\/em>.]<\/p>\n<\/div><\/div>\n\n\n\n<div class=\"wp-block-media-text alignwide is-stacked-on-mobile\"><figure class=\"wp-block-media-text__media\"><img loading=\"lazy\" decoding=\"async\" width=\"768\" height=\"1024\" src=\"https:\/\/rennertart.de\/wp-content\/uploads\/2023\/02\/IMG_5531-768x1024.jpg\" alt=\"\" class=\"wp-image-830 size-full\" srcset=\"https:\/\/rennertart.de\/wp-content\/uploads\/2023\/02\/IMG_5531-768x1024.jpg 768w, https:\/\/rennertart.de\/wp-content\/uploads\/2023\/02\/IMG_5531-225x300.jpg 225w, https:\/\/rennertart.de\/wp-content\/uploads\/2023\/02\/IMG_5531-1152x1536.jpg 1152w, https:\/\/rennertart.de\/wp-content\/uploads\/2023\/02\/IMG_5531-1536x2048.jpg 1536w, https:\/\/rennertart.de\/wp-content\/uploads\/2023\/02\/IMG_5531-1200x1600.jpg 1200w, https:\/\/rennertart.de\/wp-content\/uploads\/2023\/02\/IMG_5531-1980x2640.jpg 1980w, https:\/\/rennertart.de\/wp-content\/uploads\/2023\/02\/IMG_5531-scaled.jpg 1920w\" sizes=\"auto, (max-width: 768px) 100vw, 768px\" \/><\/figure><div class=\"wp-block-media-text__content\">\n<p class=\"has-primary-color has-subtle-background-background-color has-text-color has-background has-link-color has-small-font-size wp-elements-ec5ce645089b4a6b1ec442950dedb880\"><em><strong>Die \u00dcbersicht behalten&#8230;<\/strong>Ja, zu diesem Zeitpunkt wandelte sich das Bild von einer Ansammlung aus Vorstadtdetails zu einem immer brauchbarer werdenden Stadtplan. Heute ist ja fast ein Drittel der damaligen Fl\u00e4che mehr gemalt, ich benutze das Bild tats\u00e4chlich als Routenplaner. Daneben war ich damals stolz darauf, nun alles nordwestlich ausserhalb des G\u00fcrtels fertigbekommen zu haben.<\/em><\/p>\n<\/div><\/div>\n\n\n\n<div class=\"wp-block-media-text alignwide is-stacked-on-mobile has-small-font-size\"><figure class=\"wp-block-media-text__media\"><img loading=\"lazy\" decoding=\"async\" width=\"768\" height=\"1024\" src=\"https:\/\/rennertart.de\/wp-content\/uploads\/2023\/02\/IMG_5529-768x1024.jpg\" alt=\"\" class=\"wp-image-829 size-full\" srcset=\"https:\/\/rennertart.de\/wp-content\/uploads\/2023\/02\/IMG_5529-768x1024.jpg 768w, https:\/\/rennertart.de\/wp-content\/uploads\/2023\/02\/IMG_5529-225x300.jpg 225w, https:\/\/rennertart.de\/wp-content\/uploads\/2023\/02\/IMG_5529-1152x1536.jpg 1152w, https:\/\/rennertart.de\/wp-content\/uploads\/2023\/02\/IMG_5529-1536x2048.jpg 1536w, https:\/\/rennertart.de\/wp-content\/uploads\/2023\/02\/IMG_5529-1200x1600.jpg 1200w, https:\/\/rennertart.de\/wp-content\/uploads\/2023\/02\/IMG_5529-1980x2640.jpg 1980w, https:\/\/rennertart.de\/wp-content\/uploads\/2023\/02\/IMG_5529-scaled.jpg 1920w\" sizes=\"auto, (max-width: 768px) 100vw, 768px\" \/><\/figure><div class=\"wp-block-media-text__content\">\n<p class=\"has-primary-color has-subtle-background-background-color has-text-color has-background has-link-color has-small-font-size wp-elements-caa6ca124ac1dea987a88ab6b373bc79\"><em><strong>&#8230;nah dran in Neuehrenfeld<\/strong><\/em><br><em>&#8222;Met einem Messer em R\u00f6gge jonn isch noh nit noh Huss!&#8220; und: &#8222;Alles Schlimme dieser Welt k\u00fctt us Kalk un Ihrefeld!&#8220;<\/em><\/p>\n<\/div><\/div>\n\n\n\n<div class=\"wp-block-media-text alignwide is-stacked-on-mobile\"><figure class=\"wp-block-media-text__media\"><img loading=\"lazy\" decoding=\"async\" width=\"768\" height=\"1024\" src=\"https:\/\/rennertart.de\/wp-content\/uploads\/2023\/02\/IMG_5528-768x1024.jpg\" alt=\"\" class=\"wp-image-828 size-full\" srcset=\"https:\/\/rennertart.de\/wp-content\/uploads\/2023\/02\/IMG_5528-768x1024.jpg 768w, https:\/\/rennertart.de\/wp-content\/uploads\/2023\/02\/IMG_5528-225x300.jpg 225w, https:\/\/rennertart.de\/wp-content\/uploads\/2023\/02\/IMG_5528-1152x1536.jpg 1152w, https:\/\/rennertart.de\/wp-content\/uploads\/2023\/02\/IMG_5528-1536x2048.jpg 1536w, https:\/\/rennertart.de\/wp-content\/uploads\/2023\/02\/IMG_5528-1200x1600.jpg 1200w, https:\/\/rennertart.de\/wp-content\/uploads\/2023\/02\/IMG_5528-1980x2640.jpg 1980w, https:\/\/rennertart.de\/wp-content\/uploads\/2023\/02\/IMG_5528-scaled.jpg 1920w\" sizes=\"auto, (max-width: 768px) 100vw, 768px\" \/><\/figure><div class=\"wp-block-media-text__content\">\n<p class=\"has-primary-color has-subtle-background-background-color has-text-color has-background has-link-color has-small-font-size wp-elements-16fcce7afbc08588c95277b5ef1a0f8b\"><em>&#8230;wie im Flug bis zum Rhein!<\/em><\/p>\n<\/div><\/div>\n\n\n\n<div class=\"wp-block-media-text alignfull is-stacked-on-mobile is-vertically-aligned-center\" style=\"padding-right:var(--wp--preset--spacing--20);padding-left:var(--wp--preset--spacing--20)\"><figure class=\"wp-block-media-text__media\"><img loading=\"lazy\" decoding=\"async\" width=\"2560\" height=\"1183\" src=\"https:\/\/rennertart.de\/wp-content\/uploads\/2023\/12\/IMG_20231201_133518-3-scaled.jpg\" alt=\"\" class=\"wp-image-1075 size-full\" srcset=\"https:\/\/rennertart.de\/wp-content\/uploads\/2023\/12\/IMG_20231201_133518-3-scaled.jpg 2560w, https:\/\/rennertart.de\/wp-content\/uploads\/2023\/12\/IMG_20231201_133518-3-800x370.jpg 800w, https:\/\/rennertart.de\/wp-content\/uploads\/2023\/12\/IMG_20231201_133518-3-768x355.jpg 768w, https:\/\/rennertart.de\/wp-content\/uploads\/2023\/12\/IMG_20231201_133518-3-1536x710.jpg 1536w, https:\/\/rennertart.de\/wp-content\/uploads\/2023\/12\/IMG_20231201_133518-3-2048x946.jpg 2048w\" sizes=\"auto, (max-width: 2560px) 100vw, 2560px\" \/><\/figure><div class=\"wp-block-media-text__content\">\n<p><\/p>\n<\/div><\/div>\n\n\n\n<h2 class=\"wp-block-heading has-cyan-bluish-gray-color has-text-color has-link-color has-large-font-size wp-elements-e71ed70160ea99bb8a99d3aa95c88012\">Alles hat einen Anfang &#8211; hier eine Bildfolge zur Entstehung des K\u00f6ln-Bildes<\/h2>\n\n\n\nngg_shortcode_1_placeholder\n","protected":false},"excerpt":{"rendered":"<p>Einzelausstellung in der Realismusgalerie (Berlin)! Besser sp\u00e4t als nie! Ab dem 10. September 2022 (Vernissage) in Berlin hatte ich eine Einzelausstellung in der RealismusGalerie des K\u00fcnstlersonderbundes (KSB). An Werktagen arbeitete ich am K\u00f6lnbild \u2013 fast zwei Monate lang, bis zum 4. November. Besucher der Galerie konnten mich bei der Arbeit beobachten. Hier einige Etappen der [&hellip;]<\/p>\n","protected":false},"author":1,"featured_media":0,"parent":0,"menu_order":0,"comment_status":"closed","ping_status":"open","template":"","meta":{"ngg_post_thumbnail":0,"footnotes":""},"class_list":["post-2","page","type-page","status-publish","hentry"],"_links":{"self":[{"href":"https:\/\/rennertart.de\/index.php\/wp-json\/wp\/v2\/pages\/2","targetHints":{"allow":["GET"]}}],"collection":[{"href":"https:\/\/rennertart.de\/index.php\/wp-json\/wp\/v2\/pages"}],"about":[{"href":"https:\/\/rennertart.de\/index.php\/wp-json\/wp\/v2\/types\/page"}],"author":[{"embeddable":true,"href":"https:\/\/rennertart.de\/index.php\/wp-json\/wp\/v2\/users\/1"}],"replies":[{"embeddable":true,"href":"https:\/\/rennertart.de\/index.php\/wp-json\/wp\/v2\/comments?post=2"}],"version-history":[{"count":29,"href":"https:\/\/rennertart.de\/index.php\/wp-json\/wp\/v2\/pages\/2\/revisions"}],"predecessor-version":[{"id":1210,"href":"https:\/\/rennertart.de\/index.php\/wp-json\/wp\/v2\/pages\/2\/revisions\/1210"}],"wp:attachment":[{"href":"https:\/\/rennertart.de\/index.php\/wp-json\/wp\/v2\/media?parent=2"}],"curies":[{"name":"wp","href":"https:\/\/api.w.org\/{rel}","templated":true}]}}